. Let c(l) = -l + 7. Let u(t) = -7*c(t) + 4*g(t). Let m be u(-4). Suppose -m - 3 = -q. What is the tens digit of q?
1
Suppose -4*g = -3*z + 575, -4*g = 5*z - 9*z + 760. What is the tens digit of z?
8
Let u = -55 - -29. What is the tens digit of (3 - u) + -1 - 1?
2
Suppose -3*t = 2*t. Suppose -4*d + t*d = -3*n - 14, -5*d = -3*n - 16. What is the units digit of 1 - -1 - (-3 - n)?
3
Let q(c) = 2*c**2 - 3. Suppose 5*x - 9 = 8*x. What is the units digit of q(x)?
5
Let c(s) = s**3 - 6*s**2 - 7*s + 9. Suppose 4*n = -1 + 29. What is the units digit of c(n)?
9
What is the units digit of 676/14 - 24/84?
8
Let j = -238 - -351. What is the tens digit of j?
1
Let z(m) = 6*m**2 + 2*m + 1. What is the units digit of z(-2)?
1
Suppose -5*u + 4*q = -u - 24, 5*u - 2*q - 24 = 0. Suppose 0 = h + 4*w - 9, -3*h + 8*h + 3 = u*w. What is the units digit of h?
1
Let i = 30 - -131. What is the units digit of i?
1
Let l(z) = 1 + 13*z - 4*z + 2*z**2 - z**2 + 1. Let k be l(-9). Suppose -4*t + k*a + 37 = a, 2*t + 3*a - 1 = 0. What is the units digit of t?
8
Let n = -2 + 10. Suppose -4 - n = 4*y. Let k = 8 + y. What is the units digit of k?
5
Let z(x) = x - 9. Let q be z(9). Suppose q*f + 14 = f. What is the tens digit of f?
1
Let w be (-13)/(-2)*1*2. Suppose -4*p = -w + 5. Suppose -v + 35 = -5*f, p*f + 0*f = -v. What is the tens digit of v?
1
What is the units digit of (14/(-6))/(3/(-108))?
4
Let x = 4 + -10. Let m(k) = -k**3 - 6*k**2 + k + 7. What is the units digit of m(x)?
1
Suppose 3*z = 5*b - 66, -36 = -3*b + z + 2*z. Let p = -5 + b. What is the tens digit of p?
1
Let l(p) = 5*p**2 - 11*p + 4. Let q(j) = -4*j**2 + 10*j - 3. Let v(x) = 5*l(x) + 6*q(x). What is the units digit of v(-7)?
6
Suppose -8*t + 3*t + 204 = -2*o, -2*t - 2*o = -76. What is the tens digit of t?
4
Suppose o = -o - 4*b - 12, 3*o = -2*b + 2. What is the units digit of (-224)/24*(-6)/o?
4
Let d = -1 + -3. Let i be 1/4 - (-1)/d. Let m = 1 - i. What is the units digit of m?
1
Let u(x) = x**2 - x - 8. What is the tens digit of u(-6)?
3
What is the units digit of (-5 - (1 - 4)) + 41?
9
Let h(q) be the first derivative of 2*q**3/3 + 2*q + 1. Let u be h(-2). Suppose 6 = 4*g - u. What is the units digit of g?
4
Let a(h) = 3*h**2 - 14*h - 8. What is the tens digit of a(-7)?
3
Let a = -25 + 78. What is the units digit of a?
3
Let t = 17 + -12. Suppose -5*a + 10 = -t. Let f = a + 2. What is the units digit of f?
5
Let b = -33 + 106. What is the tens digit of b?
7
What is the units digit of ((-16)/3)/(6/(-144))?
8
Suppose y + 4*j = -2*y + 154, -j = -4*y + 218. Suppose y + 24 = 3*t. What is the tens digit of t?
2
Suppose 0*u - 4*u = -4. What is the units digit of u?
1
Let i(h) = h - 2. Let u be i(5). Let g = 9 - u. What is the units digit of g?
6
Suppose 3*f - 99 = -f - s, -s - 1 = 0. Suppose -2*o = 3*o - f. What is the units digit of o?
5
Let q be 1/(-2 + (-7)/(-3)). Suppose -u + q*h + 9 = -17, 75 = 5*u - 4*h. What is the units digit of u?
1
Suppose 3*v = v - 5*d + 31, 0 = -2*d + 10. Suppose -v*o + 11 + 19 = 0. Suppose -2*i + 0*i + o = -2*p, -5 = -i - p. What is the units digit of i?
5
Let m(j) = 4*j**2 - j - 1. Let z be m(-1). Suppose -z*n = -2*n. Let v = n - -4. What is the units digit of v?
4
Let f be 1/((-14)/12 + 1). Suppose 0 = 2*b - 0*b - 4. Let u = b - f. What is the units digit of u?
8
Let z be 4 - 2 - 4/2. Suppose 2*o = -3*d + 26, 2*d = 5*o - z*d - 27. Let i = o + -2. What is the units digit of i?
5
Suppose 6*l + 35 = 7*l. What is the tens digit of l?
3
Suppose 5*n = -k + 44, 3*n - 16 = 3*k - k. Let r(x) = 2*x - 2. What is the units digit of r(n)?
4
Let p(z) = -z**2 - 3*z + 7. Let u be p(-5). Let n = u - -3. Suppose n = 2*w + 1 - 11. What is the units digit of w?
5
Let k(c) = -c**2 + 16*c. Let l be k(16). Suppose l = -4*q + p + 64, -2*q + 5*p - 55 = -7*q. What is the units digit of q?
5
Let t = -16 - -18. What is the tens digit of (154/(-33))/(t/(-18))?
4
Let a(j) = 79*j**3 - j**2 + 1. Let l be a(1). Suppose 0 = 2*c - 211 + l. What is the units digit of -3 - c/((-3)/1)?
9
Let b be (-6)/30 - (-16)/5. Suppose 0 = -2*n - c + 6, -2*n + 2*c - b = -21. Suppose 3*q = -0*q + 3, -n*z = 4*q - 19. What is the units digit of z?
3
Let q = 53 + -29. What is the tens digit of q?
2
Suppose -5*j + 20 = 5*b, 0*j + 3*b + 20 = 5*j. Suppose -j*w + 4*d - 10 + 34 = 0, d = 4*w - 21. What is the units digit of w?
5
Suppose -5*z = -13 - 2. Suppose -z*h - 17 = -4*k, 0*h + 35 = 5*k - h. What is the units digit of k?
8
What is the tens digit of 0 + ((-4)/(-4) - -14)?
1
Suppose 5*i + 12 = i. Let t = 16 + -8. What is the units digit of t + i + (-4)/(-2)?
7
Let y be 1 + (-2)/(-1) - 3. Let u(a) = a**2 - a + 13. What is the tens digit of u(y)?
1
What is the units digit of ((2/3)/1)/(76/4902)?
3
Let f(s) = s**3 - 4*s**2 - 12*s - 3. What is the hundreds digit of f(9)?
2
Let t = -6 - -11. Suppose -t*g - 17 = 13. What is the units digit of (-3 + 3/3)*g?
2
Suppose 0 = -3*c + 8*c + 10. Let r be 44*((-15)/12 - c). Let y = -19 + r. What is the units digit of y?
4
Let x(i) = -16*i - 6. What is the tens digit of x(-2)?
2
Let b = 66 - 47. What is the tens digit of b?
1
Suppose -5*p + 95 = 2*f, -f - 44 = -2*p - 3*f. What is the units digit of p?
7
Let x = 17 - -1. What is the units digit of x?
8
Let x be ((-1 + 1)*-1)/2. Let u(a) = a**2 + 9*a - 6. Let r be u(3). Suppose 3*f - r = -x*f. What is the units digit of f?
0
Suppose 34 = 4*q - 38. What is the tens digit of q?
1
Let p(i) = -i**3 - 2*i**2 + 5*i + 3. Let t be p(-3). Let w be (-2)/(t + 3 + -1). Suppose -5*r + w*r = -42. What is the tens digit of r?
1
Let x be (-693)/(-143) - 4/(-26). Let y(d) = -d**3 + 5*d**2 + 6*d - 5. What is the tens digit of y(x)?
2
Let v(b) = b**3 + 10*b**2 + 9*b + 7. Let p be v(-9). Suppose 2*d + 20 = p*d. What is the units digit of d?
4
Suppose 0 = d - 4*o, 4*d = 2*o + 24 + 4. Suppose 0 = u + 4*v + 11, -4*v - d = 5*u - u. What is the units digit of u?
1
What is the tens digit of (1 + (-6)/3)/((-1)/25)?
2
Suppose 0 = -2*y + 5 + 5. Suppose -y*a + 4*q + 18 = -23, 5*q + 5 = -3*a. What is the units digit of a?
5
Suppose -2*t = -0*p + 2*p - 6, t = 0. Let k(h) = 0*h - 3 + h + p - 1. What is the units digit of k(6)?
5
Let j(o) = -2*o - o + 1 - 2 - o**3 - 8*o**2 + o**2. What is the tens digit of j(-7)?
2
Let p be 9*(16/(-6) + 3). Suppose p*x + 0*x - 66 = 0. What is the tens digit of x?
2
Suppose -3 - 4 = n. Let z(f) = f**3 + 6*f**2 - 10*f - 7. What is the tens digit of z(n)?
1
Let f(d) = d**2 - 4. Let w be f(3). Suppose -35 - 25 = -w*u. What is the tens digit of u?
1
Let m = 68 + -23. Suppose -5*g + m = -5*r, 0 = 2*r + 6. What is the units digit of g?
6
Let a(q) = -105 - q**2 + 2*q**2 - 4*q + 106. What is the units digit of a(5)?
6
Let q be (-138)/(-4) + (-1)/2. Suppose -5*t = -r + 2*r - 37, r + 2*t - q = 0. What is the units digit of r?
2
Suppose q = 4*n - q - 602, 5*n = 5*q + 750. What is the hundreds digit of n?
1
Let r(b) = b**2 + b - 9. What is the tens digit of r(7)?
4
Let s(a) be the third derivative of -a**6/120 + a**5/10 + a**3 + 3*a**2. Let g(p) = -p - 2. Let o be g(-8). What is the units digit of s(o)?
6
Let t(h) be the second derivative of -h**3 - h**2/2 + 3*h. What is the units digit of t(-2)?
1
Suppose 14 = -x - 3*s, 4 + 2 = 5*x - 4*s. What is the units digit of x + 6 + 1 + -4?
1
Let g(f) = 8*f - 21. What is the units digit of g(8)?
3
Let m(o) = o**2. Let i be m(-2). Suppose -3*t + 6 = 0, -2*c - 3*t = -0*t - i. Let w = 3 + c. What is the units digit of w?
2
Suppose -4*g - 7 = 9. Let o be g*2/(4/3). Let d = 8 + o. What is the units digit of d?
2
Let d(h) be the third derivative of h**4/4 + 2*h**2. Suppose 5*q = q + 4. What is the units digit of d(q)?
6
Let i(h) = 4*h + 5. What is the units digit of i(7)?
3
Let o(p) = -3*p + 2. Let a be o(-4). Let l = a - -4. Suppose 5*u - 2 = l. What is the units digit of u?
4
Suppose 3*i = 5*l + 83, -3*i - 5*l + 75 = -2*l. Let o = -15 + i. What is the tens digit of o?
1
Let u be 84 - (1 - 4)*-1. Let w = u - 48. What is the tens digit of w?
3
Let q = 14 + -24. Let r = q - -31. What is the tens digit of r?
2
What is the units digit of (-4)/(-20) - (-119)/5?
4
Suppose 0 = -2*f + f - 6. Let o(r) = r + 13. What is the units digit of o(f)?
7
Suppose -2*o + 5*d = 0, 3 + 0 = o - d. What is the tens digit of (-55 - (o + -2))/(-2)?
2
Le